d by 131.
76
Calculate the remainder when 2916 is divided by 16.
4
Calculate the remainder when 45 is divided by 31.
14
Calculate the remainder when 101 is divided by 21.
17
What is the remainder when 232 is divided by 48?
40
Calculate the remainder when 936 is divided by 918.
18
Calculate the remainder when 1632 is divided by 113.
50
What is the remainder when 1135 is divided by 60?
55
Calculate the remainder when 104 is divided by 33.
5
Calculate the remainder when 267 is divided by 146.
121
Calculate the remainder when 638 is divided by 89.
15
What is the remainder when 1411 is divided by 9?
7
What is the remainder when 12265 is divided by 47?
45
What is the remainder when 56 is divided by 19?
18
What is the remainder when 153 is divided by 71?
11
What is the remainder when 268 is divided by 12?
4
Calculate the remainder when 518 is divided by 65.
63
Calculate the remainder when 5185 is divided by 91.
89
Calculate the remainder when 63 is divided by 16.
15
What is the remainder when 8306 is divided by 71?
70
Calculate the remainder when 801 is divided by 293.
215
What is the remainder when 1163 is divided by 25?
13
Calculate the remainder when 239 is divided by 38.
11
Calculate the remainder when 196 is divided by 170.
26
What is the remainder when 614 is divided by 92?
62
What is the remainder when 378 is divided by 65?
53
What is the remainder when 350 is divided by 111?
17
Calculate the remainder when 1834 is divided by 36.
34
What is the remainder when 474 is divided by 141?
51
What is the remainder when 13707 is divided by 6?
3
What is the remainder when 16724 is divided by 246?
242
Calculate the remainder when 1000 is divided by 32.
8
What is the remainder when 154 is divided by 57?
40
Calculate the remainder when 1167 is divided by 39.
36
What is the remainder when 481 is divided by 97?
93
What is the remainder when 327 is divided by 53?
9
Calculate the remainder when 6730 is divided by 3360.
10
What is the remainder when 961 is divided by 243?
232
What is the remainder when 47 is divided by 39?
8
What is the remainder when 13918 is divided by 24?
22
What is the remainder when 2031 is divided by 981?
69
What is the remainder when 230 is divided by 5?
0
Calculate the remainder when 292 is divided by 50.
42
Calculate the remainder when 1253 is divided by 19.
18
What is the remainder when 491 is divided by 228?
35
What is the remainder when 340 is divided by 63?
25
What is the remainder when 1737 is divided by 857?
23
What is the remainder when 3 is divided by 1?
0
What is the remainder when 5438 is divided by 1806?
20
Calculate the remainder when 344 is divided by 58.
54
Calculate the remainder when 34 is divided by 13.
8
Calculate the remainder when 351 is divided by 16.
15
Calculate the remainder when 94 is divided by 4.
2
What is the remainder when 304 is divided by 271?
33
What is the remainder when 235 is divided by 39?
1
Calculate the remainder when 1365 is divided by 39.
0
What is the remainder when 375 is divided by 65?
50
What is the remainder when 696 is divided by 20?
16
Calculate the remainder when 40 is divided by 22.
18
Calculate the remainder when 1287 is divided by 182.
13
What is the remainder when 191 is divided by 64?
63
What is the remainder when 40282 is divided by 36?
34
Calculate the remainder when 329 is divided by 43.
28
What is the remainder when 456 is divided by 200?
56
Calculate the remainder when 4542 is divided by 1500.
42
What is the remainder when 3505 is divided by 23?
9
What is the remainder when 6078 is divided by 1518?
6
Calculate the remainder when 2170 is divided by 721.
7
Calculate the remainder when 55 is divided by 25.
5
Calculate the remainder when 351 is divided by 68.
11
Calculate the remainder when 1591 is divided by 49.
23
Calculate the remainder when 1857 is divided by 143.
141
What is the remainder when 124 is divided by 20?
4
Calculate the remainder when 99 is divided by 20.
19
Calculate the remainder when 197 is divided by 97.
3
Calculate the remainder when 2188 is divided by 73.
71
Calculate the remainder when 164 is divided by 17.
11
What is the remainder when 739 is divided by 37?
36
Calculate the remainder when 4635 is divided by 80.
75
Calculate the remainder when 860 is divided by 40.
20
What is the remainder when 97 is divided by 14?
13
What is the remainder when 102 is divided by 15?
12
What is the remainder when 28 is divided by 9?
1
What is the remainder when 247 is divided by 94?
59
What is the remainder when 93 is divided by 33?
27
Calculate the remainder when 51139 is divided by 14.
11
Calculate the remainder when 110 is divided by 7.
5
What is the remainder when 341 is divided by 25?
16
What is the remainder when 244 is divided by 134?
110
What is the remainder when 586 is divided by 42?
40
Calculate the remainder when 324 is divided by 158.
8
What is the remainder when 11752 is divided by 60?
52
Calculate the remainder when 106 is divided by 31.
13
What is the remainder when 247 is divided by 25?
22
What is the remainder when 84 is divided by 9?
3
What is the remainder when 769 is divided by 8?
1
What is the remainder when 139 is divided by 73?
66
What is the remainder when 394 is divided by 33?
31
Calculate the remainder when 174 is divided by 36.
30
What is the remainder when 1804 is divided by 386?
260
Calculate the remainder when 230 is divided by 7.
6
What is the remainder when 671 is divided by 327?
17
What is the remainder when 465 is divided by 118?
111
Calculate the remainder when 362 is divided by 91.
89
Calculate the remainder when 759 is divided by 95.
94
What is the remainder when 612 is divided by 184?
60
Calculate the remainder when 26 is divided by 20.
6
Calculate the remainder when 214 is divided by 44.
38
Calculate the remainder when 375 is divided by 65.
50
Calculate the remainder when 2399 is divided by 7.
5
Calculate the remainder when 219 is divided by 18.
3
What is the remainder when 22606 is divided by 18?
16
What is the remainder when 245 is divided by 16?
5
What is the remainder when 14 is divided by 7?
0
Calculate the remainder when 188 is divided by 48.
44
Calculate the remainder when 401 is divided by 103.
92
What is the remainder when 126 is divided by 3?
0
What is the remainder when 109 is divided by 41?
27
Calculate the remainder when 672 is divided by 15.
12
What is the remainder when 72 is divided by 48?
24
What is the remainder when 17 is divided by 11?
6
What is the remainder when 608 is divided by 36?
32
What is the remainder when 278 is divided by 83?
29
What is the remainder when 162 is divided by 18?
0
Calculate the remainder when 2015 is divided by 96.
95
Calculate the remainder when 1254 is divided by 160.
134
Calculate the remainder when 260 is divided by 98.
64
Calculate the remainder when 135 is divided by 58.
19
Calculate the remainder when 2881 is divided by 93.
91
Calculate the remainder when 18622 is divided by 25.
22
What is the remainder when 113 is divided by 31?
20
What is the remainder when 182 is divided by 177?
5
Calculate the remainder when 1637 is divided by 21.
20
What is the remainder when 1531 is divided by 26?
23
What is the remainder when 10 is divided by 5?
0
What is the remainder when 26 is divided by 2?
0
What is the remainder when 309 is divided by 74?
13
What is the remainder when 334 is divided by 21?
19
Calculate the remainder when 1367 is divided by 231.
212
What is the remainder when 135 is divided by 120?
15
What is the remainder when 693 is divided by 618?
75
What is the remainder when 593 is divided by 44?
21
What is the remainder when 5396 is divided by 2690?
16
What is the remainder when 177 is divided by 12?
9
Calculate the remainder when 427 is divided by 24.
19
Calculate the remainder when 318 is divided by 40.
38
What is the remainder when 450 is divided by 124?
78
Calculate the remainder when 1675 is divided by 29.
22
What is the remainder when 219 is divided by 30?
9
Calculate the remainder when 1925 is divided by 272.
21
What is the remainder when 4770 is divided by 81?
72
What is the remainder when 339 is divided by 38?
35
What is the remainder when 146 is divided by 28?
6
Calculate the remainder when 4868 is divided by 25.
18
Calculate the remainder when 90 is divided by 7.
6
Calcu